{"id":202,"date":"2015-07-28T11:35:42","date_gmt":"2015-07-28T11:35:42","guid":{"rendered":"http:\/\/www.thomassen-consult.de\/?page_id=202"},"modified":"2019-04-04T18:41:16","modified_gmt":"2019-04-04T18:41:16","slug":"team","status":"publish","type":"page","link":"http:\/\/www.thomassen-consult.de\/?page_id=202","title":{"rendered":"Team"},"content":{"rendered":"<p style=\"text-align: center;\">Unser Team steht Ihnen f\u00fcr <a href=\"http:\/\/www.thomassen-consult.de\/?page_id=63\">Fragen<\/a> gerne zur Verf\u00fcgung.<\/p>\n<table width=\"100%\" cellspacing=\"0\" cellpadding=\"4\">\n<colgroup>\n<col width=\"85\" \/>\n<col width=\"85\" \/>\n<col width=\"85\" \/><\/colgroup>\n<tbody>\n<tr valign=\"top\">\n<td width=\"33%\"><a href=\"http:\/\/www.thomassen-consult.de\/wp-content\/uploads\/2011\/10\/JThomassen.jpg\"><img loading=\"lazy\" class=\" size-full wp-image-159 aligncenter\" src=\"http:\/\/www.thomassen-consult.de\/wp-content\/uploads\/2011\/10\/JThomassen.jpg\" alt=\"JThomassen\" width=\"150\" height=\"200\" \/><\/a><\/td>\n<td style=\"text-align: center;\" width=\"33%\"><img class=\"thumbnail\" src=\"http:\/\/www.thomassen-consult.de\/wp-content\/uploads\/2019\/04\/Bohm.jpg\" alt=\"\" \/><\/td>\n<td width=\"33%\"><a href=\"http:\/\/www.thomassen-consult.de\/wp-content\/uploads\/2015\/07\/Pruess.jpg\"><img loading=\"lazy\" class=\"alignleft size-full wp-image-203\" src=\"http:\/\/www.thomassen-consult.de\/wp-content\/uploads\/2015\/07\/Pruess.jpg\" alt=\"\" width=\"150\" height=\"200\" \/><br \/>\n<\/a><\/td>\n<\/tr>\n<tr valign=\"top\">\n<td width=\"33%\">\n<p style=\"text-align: center;\"><span style=\"font-family: Tahoma, Arial, Helvetica, sans-serif;\"><b>J\u00fcrgen Thoma\u00dfen<br \/>\n<\/b><span style=\"font-size: 10pt;\">Dipl.-Soz.Wiss.<\/span><\/span><br \/>\n<span style=\"font-family: Tahoma, Arial, Helvetica, sans-serif;\"><b>Gesch\u00e4ftsleitung<br \/>\n<\/b><b>Fachplanungen<\/b><\/span><\/p>\n<\/td>\n<td width=\"33%\">\n<p align=\"center\"><span style=\"font-family: Tahoma, Arial, Helvetica, sans-serif;\"><b>Enrico Bohm<br \/>\n<\/b><span style=\"font-size: 10pt;\">B.Sc.<\/span><\/span><\/p>\n<p style=\"text-align: center;\"><span style=\"font-family: Tahoma, Arial, Helvetica, sans-serif;\"><b>Fachplanungen<\/b><\/span><\/p>\n<p style=\"text-align: center;\"><span style=\"font-family: Tahoma, Arial, Helvetica, sans-serif;\"><b>\u00a0<\/b><\/span><\/p>\n<\/td>\n<td width=\"33%\">\n<p align=\"center\"><span style=\"font-family: Tahoma, Arial, Helvetica, sans-serif;\"><b>Ulrich\u00a0Pr\u00fc\u00df<br \/>\n<\/b><span style=\"font-size: 10pt;\">Dipl.-\u00d6k.<\/span><\/span><\/p>\n<p style=\"text-align: center;\"><span style=\"font-family: Tahoma, Arial, Helvetica, sans-serif;\"><b>Fachplanungen<\/b><\/span><\/p>\n<\/td>\n<\/tr>\n<tr valign=\"top\">\n<td width=\"33%\"><a href=\"http:\/\/www.thomassen-consult.de\/wp-content\/uploads\/2015\/07\/Bild1.jpg\"><img loading=\"lazy\" class=\" size-full wp-image-199 aligncenter\" src=\"http:\/\/www.thomassen-consult.de\/wp-content\/uploads\/2015\/07\/Bild1.jpg\" alt=\"Bild\" width=\"144\" height=\"200\" \/><\/a><\/td>\n<td width=\"33%\"><a href=\"http:\/\/www.thomassen-consult.de\/wp-content\/uploads\/2015\/07\/Kipker.jpg\"><img loading=\"lazy\" class=\" size-full wp-image-210 aligncenter\" src=\"http:\/\/www.thomassen-consult.de\/wp-content\/uploads\/2015\/07\/Kipker.jpg\" alt=\"Kipker\" width=\"150\" height=\"200\" \/><\/a><\/td>\n<td width=\"33%\"><a href=\"http:\/\/www.thomassen-consult.de\/wp-content\/uploads\/2015\/07\/Bongardt.jpg\"><img loading=\"lazy\" class=\" size-full wp-image-216 aligncenter\" src=\"http:\/\/www.thomassen-consult.de\/wp-content\/uploads\/2015\/07\/Bongardt.jpg\" alt=\"Bongardt\" width=\"150\" height=\"200\" \/><\/a><\/td>\n<\/tr>\n<tr valign=\"top\">\n<td width=\"33%\">\n<p align=\"center\"><span style=\"font-family: Tahoma, Arial, Helvetica, sans-serif;\"><b>Gabriele Thoma\u00dfen<br \/>\n<\/b><span style=\"font-size: 10pt;\">Kaufm. Mitarbeiterin<\/span><\/span><\/p>\n<p align=\"center\"><span style=\"font-family: Tahoma, Arial, Helvetica, sans-serif;\"><b>Interne Organisation<\/b><\/span><\/p>\n<\/td>\n<td width=\"33%\">\n<p align=\"center\"><span style=\"font-family: Tahoma, Arial, Helvetica, sans-serif;\"><b>J\u00fcrgen Kipker<br \/>\n<\/b><span style=\"font-size: 10pt;\">IT-Technik<\/span><\/span><\/p>\n<p align=\"center\"><span style=\"font-family: Tahoma, Arial, Helvetica, sans-serif;\"><b>Technischer Support<\/b><\/span><\/p>\n<\/td>\n<td width=\"33%\">\n<p align=\"center\"><span style=\"font-family: Tahoma, Arial, Helvetica, sans-serif;\"><b>Dr. Horst Bongardt<\/b><\/span><\/p>\n<p style=\"text-align: center;\"><span style=\"font-family: Tahoma, Arial, Helvetica, sans-serif;\"><b><br \/>\nFreie Mitarbeit<\/b><\/span><\/p>\n<p align=\"center\"><b><span style=\"font-family: advent pro;\">\u00a0<\/span><\/b><\/p>\n<\/td>\n<\/tr>\n<\/tbody>\n<\/table>\n","protected":false},"excerpt":{"rendered":"<p>Unser Team steht Ihnen f\u00fcr Fragen gerne zur Verf\u00fcgung. J\u00fcrgen Thoma\u00dfen Dipl.-Soz.Wiss. Gesch\u00e4ftsleitung Fachplanungen Enrico Bohm B.Sc. Fachplanungen \u00a0 Ulrich\u00a0Pr\u00fc\u00df Dipl.-\u00d6k. Fachplanungen Gabriele Thoma\u00dfen Kaufm. Mitarbeiterin Interne Organisation J\u00fcrgen Kipker IT-Technik Technischer Support Dr. Horst Bongardt Freie Mitarbeit \u00a0<\/p>\n","protected":false},"author":2,"featured_media":0,"parent":11,"menu_order":0,"comment_status":"closed","ping_status":"closed","template":"","meta":[],"_links":{"self":[{"href":"http:\/\/www.thomassen-consult.de\/index.php?rest_route=\/wp\/v2\/pages\/202"}],"collection":[{"href":"http:\/\/www.thomassen-consult.de\/index.php?rest_route=\/wp\/v2\/pages"}],"about":[{"href":"http:\/\/www.thomassen-consult.de\/index.php?rest_route=\/wp\/v2\/types\/page"}],"author":[{"embeddable":true,"href":"http:\/\/www.thomassen-consult.de\/index.php?rest_route=\/wp\/v2\/users\/2"}],"replies":[{"embeddable":true,"href":"http:\/\/www.thomassen-consult.de\/index.php?rest_route=%2Fwp%2Fv2%2Fcomments&post=202"}],"version-history":[{"count":11,"href":"http:\/\/www.thomassen-consult.de\/index.php?rest_route=\/wp\/v2\/pages\/202\/revisions"}],"predecessor-version":[{"id":239,"href":"http:\/\/www.thomassen-consult.de\/index.php?rest_route=\/wp\/v2\/pages\/202\/revisions\/239"}],"up":[{"embeddable":true,"href":"http:\/\/www.thomassen-consult.de\/index.php?rest_route=\/wp\/v2\/pages\/11"}],"wp:attachment":[{"href":"http:\/\/www.thomassen-consult.de\/index.php?rest_route=%2Fwp%2Fv2%2Fmedia&parent=202"}],"curies":[{"name":"wp","href":"https:\/\/api.w.org\/{rel}","templated":true}]}}