{"id":11,"date":"2011-10-30T14:00:47","date_gmt":"2011-10-30T14:00:47","guid":{"rendered":"http:\/\/www.thomassen-consult.de\/?page_id=11"},"modified":"2015-07-17T10:40:11","modified_gmt":"2015-07-17T10:40:11","slug":"unternehmen","status":"publish","type":"page","link":"https:\/\/www.thomassen-consult.de\/?page_id=11","title":{"rendered":"Unternehmen"},"content":{"rendered":"<p>Das Beratungsb\u00fcro Thoma\u00dfen Consult\u00a0gibt Ihnen auf diesen Internetseiten einen \u00dcberblick \u00fcber\u00a0Leistungen und Produkte, die aus\u00a0einer langj\u00e4hrigen\u00a0Erfahrung von vielen Kommunen als hilfreich angesehen werden.\u00a0Das B\u00fcro erstellt handlungsorientierte und umsetzbare Fachplanungen f\u00fcr Kommunen und Schulen und unterst\u00fctzt diese bei der Umsetzung. Das Angebot des Beratungsb\u00fcros\u00a0ist aber nicht auf diese Themenbereiche beschr\u00e4nkt, sondern bietet Ihnen eine umfassende Kompetenz in den Schwerpunkten Bildung, Medien, Technik und Management.\u00a0Nutzen Sie\u00a0die Erfahrung\u00a0bei der L\u00f6sung Ihrer individuellen Probleme und Fragestellungen.<\/p>\n<p><a href=\"http:\/\/www.thomassen-consult.de\/wp-content\/uploads\/2011\/10\/JThomassen.jpg\"><img loading=\"lazy\" class=\"alignleft  wp-image-159\" src=\"http:\/\/www.thomassen-consult.de\/wp-content\/uploads\/2011\/10\/JThomassen.jpg\" alt=\"JThomassen\" width=\"104\" height=\"140\" \/><\/a>Der diplomierte Sozialwissenschaftler J\u00fcrgen Thoma\u00dfen arbeitet bereits seit der Mitte der 90er Jahre im Bildungsbereich. Der Schwerpunkt lag dabei zun\u00e4chst\u00a0im Bereich Neuer Informationstechnologien.<\/p>\n<p>Vielen St\u00e4dten und Kreisen ist J\u00fcrgen Thoma\u00dfen von seiner langj\u00e4hrigen Arbeit als Projektleiter bei der Firma Dr. Garbe Consult bekannt, bei der er seit der Firmengr\u00fcndung\u00a0besch\u00e4ftigt war. In seiner mehr als 10-j\u00e4hrigen T\u00e4tigkeit dort arbeitete er insbesondere in den Bereichen\u00a0Schulentwicklung und Medienentwicklung.<\/p>\n<p>Einen \u00dcberblick \u00fcber aktuelle und laufende Projekte k\u00f6nnen Sie sich in der <a title=\"Referenzen\" href=\"http:\/\/www.thomassen-consult.de\/?page_id=139\">Referenzliste <\/a>verschaffen!<\/p>\n<p>&nbsp;<\/p>\n","protected":false},"excerpt":{"rendered":"<p>Das Beratungsb\u00fcro Thoma\u00dfen Consult\u00a0gibt Ihnen auf diesen Internetseiten einen \u00dcberblick \u00fcber\u00a0Leistungen und Produkte, die aus\u00a0einer langj\u00e4hrigen\u00a0Erfahrung von vielen Kommunen als hilfreich angesehen werden.\u00a0Das B\u00fcro erstellt handlungsorientierte und umsetzbare Fachplanungen f\u00fcr Kommunen und Schulen und unterst\u00fctzt diese bei der Umsetzung. Das Angebot des Beratungsb\u00fcros\u00a0ist aber nicht auf diese Themenbereiche beschr\u00e4nkt, sondern bietet Ihnen eine umfassende Kompetenz [&hellip;]<\/p>\n","protected":false},"author":2,"featured_media":0,"parent":0,"menu_order":0,"comment_status":"closed","ping_status":"closed","template":"","meta":[],"_links":{"self":[{"href":"https:\/\/www.thomassen-consult.de\/index.php?rest_route=\/wp\/v2\/pages\/11"}],"collection":[{"href":"https:\/\/www.thomassen-consult.de\/index.php?rest_route=\/wp\/v2\/pages"}],"about":[{"href":"https:\/\/www.thomassen-consult.de\/index.php?rest_route=\/wp\/v2\/types\/page"}],"author":[{"embeddable":true,"href":"https:\/\/www.thomassen-consult.de\/index.php?rest_route=\/wp\/v2\/users\/2"}],"replies":[{"embeddable":true,"href":"https:\/\/www.thomassen-consult.de\/index.php?rest_route=%2Fwp%2Fv2%2Fcomments&post=11"}],"version-history":[{"count":28,"href":"https:\/\/www.thomassen-consult.de\/index.php?rest_route=\/wp\/v2\/pages\/11\/revisions"}],"predecessor-version":[{"id":195,"href":"https:\/\/www.thomassen-consult.de\/index.php?rest_route=\/wp\/v2\/pages\/11\/revisions\/195"}],"wp:attachment":[{"href":"https:\/\/www.thomassen-consult.de\/index.php?rest_route=%2Fwp%2Fv2%2Fmedia&parent=11"}],"curies":[{"name":"wp","href":"https:\/\/api.w.org\/{rel}","templated":true}]}}