{"id":127,"date":"2012-03-31T11:50:08","date_gmt":"2012-03-31T11:50:08","guid":{"rendered":"http:\/\/www.thomassen-consult.de\/?page_id=127"},"modified":"2015-03-06T12:25:38","modified_gmt":"2015-03-06T12:25:38","slug":"umsetzung-von-schulentwicklungsplanen","status":"publish","type":"page","link":"https:\/\/www.thomassen-consult.de\/?page_id=127","title":{"rendered":"Umsetzung von Schulentwicklungspl\u00e4nen"},"content":{"rendered":"<p>Schulentwicklungsplanung ist in vielen Kommunen aktuell ein zentrales Thema. Durch den demografischen Wandel sinken die Sch\u00fclerzahlen immer st\u00e4rker. Hauptschulen und mittlerweile auch Realschulen sind in ihrer Existenz stark gef\u00e4hrdet.<\/p>\n<p>Durch Inklusion und Ganztagsangebote ver\u00e4ndern sich zudem die Anforderungen an die r\u00e4umliche Situation in den Schulen.<\/p>\n<p>F\u00fcr viele Kommunen stellt sich die Frage, wie die notwendige Umstrukturierung der Schullandschaft erfolgen soll. Ist es m\u00f6glich eine Gesamtschule einzurichten? W\u00e4re\u00a0eine Sekundarschule\u00a0m\u00f6glich?<\/p>\n<p>Neben diesen Fragen muss aber auch bedacht werden, dass die Eltern der zuk\u00fcnftigen Sch\u00fcler solcher Schulformen mit in den Entscheidungsprozess einbezogen werden m\u00fcssen. <strong>Informationsveranstaltungen<\/strong> und <strong>Elternbefragungen<\/strong> sind hier wichtige Instrumente.<\/p>\n<p>Zus\u00e4tzlich stellt sich die Frage, ob die vorhandenen Schulgeb\u00e4ude ganz oder teilweise in die Planung einbezogen werden k\u00f6nnen. Welche Umbau- oder Neubaukosten kommen auf den Schultr\u00e4ger zu? Hier sind <strong>Raumbedarfsanalysen<\/strong> und\u00a0<strong>Raumbedarfsplanungen<\/strong>\u00a0erforderlich.<\/p>\n<p>&nbsp;<\/p>\n","protected":false},"excerpt":{"rendered":"<p>Schulentwicklungsplanung ist in vielen Kommunen aktuell ein zentrales Thema. Durch den demografischen Wandel sinken die Sch\u00fclerzahlen immer st\u00e4rker. Hauptschulen und mittlerweile auch Realschulen sind in ihrer Existenz stark gef\u00e4hrdet. Durch Inklusion und Ganztagsangebote ver\u00e4ndern sich zudem die Anforderungen an die r\u00e4umliche Situation in den Schulen. F\u00fcr viele Kommunen stellt sich die Frage, wie die notwendige [&hellip;]<\/p>\n","protected":false},"author":2,"featured_media":0,"parent":98,"menu_order":0,"comment_status":"closed","ping_status":"closed","template":"","meta":[],"_links":{"self":[{"href":"https:\/\/www.thomassen-consult.de\/index.php?rest_route=\/wp\/v2\/pages\/127"}],"collection":[{"href":"https:\/\/www.thomassen-consult.de\/index.php?rest_route=\/wp\/v2\/pages"}],"about":[{"href":"https:\/\/www.thomassen-consult.de\/index.php?rest_route=\/wp\/v2\/types\/page"}],"author":[{"embeddable":true,"href":"https:\/\/www.thomassen-consult.de\/index.php?rest_route=\/wp\/v2\/users\/2"}],"replies":[{"embeddable":true,"href":"https:\/\/www.thomassen-consult.de\/index.php?rest_route=%2Fwp%2Fv2%2Fcomments&post=127"}],"version-history":[{"count":3,"href":"https:\/\/www.thomassen-consult.de\/index.php?rest_route=\/wp\/v2\/pages\/127\/revisions"}],"predecessor-version":[{"id":190,"href":"https:\/\/www.thomassen-consult.de\/index.php?rest_route=\/wp\/v2\/pages\/127\/revisions\/190"}],"up":[{"embeddable":true,"href":"https:\/\/www.thomassen-consult.de\/index.php?rest_route=\/wp\/v2\/pages\/98"}],"wp:attachment":[{"href":"https:\/\/www.thomassen-consult.de\/index.php?rest_route=%2Fwp%2Fv2%2Fmedia&parent=127"}],"curies":[{"name":"wp","href":"https:\/\/api.w.org\/{rel}","templated":true}]}}